- 1080. Calculate z(145).
-355
Let x(q) = -3124*q - 262260. What is x(-84)?
156
Let h(w) = 59*w + 5929. Give h(-90).
619
Let a(m) = -2*m**2 - 590*m + 20257. Give a(-326).
45
Let x(z) = 6*z**2 - 161*z + 605. What is x(22)?
-33
Let y(r) = r**3 + 382*r**2 + 580*r + 75671. What is y(-381)?
-148
Let v(c) = 335*c + 17719. Calculate v(-61).
-2716
Let n(t) = -6928*t - 374107. Give n(-54).
5
Let d(p) = 25*p**2 + 1388*p - 6. What is d(-57)?
2103
Let i(k) = 173183*k + 12988733. Determine i(-75).
8
Let v(m) = 31*m**2 + 119*m - 4. Calculate v(-2).
-118
Let v(q) = q**3 - 43*q**2 - 551*q + 29. Give v(53).
-1084
Let w(b) = b**2 + 7110*b - 78336. What is w(11)?
-5
Let b(a) = -429*a + 59224. Calculate b(138).
22
Let t(w) = 3510*w + 20519. What is t(-5)?
2969
Let z(t) = 7860*t - 1792098. Calculate z(228).
-18
Let t(v) = v**2 + 87*v - 395. What is t(7)?
263
Let c(x) = x**3 + 437*x**2 + 1200*x + 143683. Give c(-435).
133
Let a(g) = 2*g**2 + 234*g - 80092. Give a(-267).
8
Let m(g) = -203*g - 11510. What is m(-56)?
-142
Let q(h) = 8*h**2 + 371*h + 1366. Calculate q(-40).
-674
Let s(n) = 3*n**2 - 536*n + 23535. Determine s(68).
959
Let d(q) = 62*q**2 + 7622*q - 492. Give d(-123).
0
Let f(a) = -25*a**2 - 6220*a + 13806. Determine f(-251).
1
Let o(v) = 6*v**2 + 720*v - 40239. Give o(-162).
585
Let u(z) = 4*z**3 - z**2 + 45*z - 154. What is u(6)?
944
Let x(l) = l**3 - 3*l**2 - 109*l + 13. Calculate x(16).
1597
Let d(o) = 5*o**3 + 115*o**2 + 18702*o + 430146. What is d(-23)?
0
Let v(g) = 28525*g - 9099458. Give v(319).
17
Let v(o) = -o**3 + 120*o**2 + 502*o - 684. Determine v(124).
60
Let x(i) = 6*i**3 - 313*i**2 + 347*i + 392. Calculate x(51).
-118
Let k(c) = c**3 - 22*c**2 - 90*c + 101. Give k(16).
-2875
Let l(o) = -3*o**3 - 4*o**2 - 943*o - 1880. Determine l(-2).
14
Let m(b) = -946*b - 96521. Calculate m(-102).
-29
Let f(d) = -d**3 + 46*d**2 - 153*d + 1008. Calculate f(43).
-24
Let o(m) = 15248*m - 47196. Calculate o(3).
-1452
Let b(p) = -p**3 - 36*p**2 - 8*p + 1691. Calculate b(-34).
-349
Let s(d) = d**2 - 825*d - 1705358. Calculate s(-957).
16
Let x(k) = -1440*k - 17349. Calculate x(-12).
-69
Let o(u) = -3176*u + 1619758. Give o(510).
-2
Let p(r) = 1276*r - 122429. Calculate p(96).
67
Let u(c) = -c**3 + 212*c**2 + 2577*c + 24868. Calculate u(224).
4
Let m(a) = -10*a**2 + 158*a + 1593. What is m(-10)?
-987
Let f(q) = 3028*q - 14901. Give f(5).
239
Let m(k) = -1325*k - 361566. Determine m(-273).
159
Let u(q) = 2950*q + 12418. Calculate u(-4).
618
Let a(o) = 278*o**2 - 2470*o - 49. Calculate a(9).
239
Let o(f) = 4657*f + 8868. Give o(-2).
-446
Let s(m) = m**3 + 908*m**2 + 6*m + 84. Calculate s(0).
84
Let j(w) = w**3 + 151*w**2 + 5553*w - 10308. Calculate j(-73).
-15
Let y(l) = -2004*l - 509008. Give y(-254).
8
Let q(t) = -277*t**3 - 37945*t**2 + 555*t + 969. Calculate q(-137).
10
Let c(f) = 36*f**2 + 3220*f - 5091. Give c(-91).
5
Let w(r) = -219*r**3 - 5*r**2 + 87*r - 83. Determine w(1).
-220
Let t(p) = 1014*p + 69941. Calculate t(-69).
-25
Let l(z) = -3*z**3 - 42*z**2 + 5*z + 699. Calculate l(-13).
127
Let a(t) = 7207*t - 799859. Calculate a(111).
118
Let v(r) = 33*r**2 - 424*r - 15220. What is v(-16)?
12
Let u(f) = 11*f**3 - f**2 - 63*f - 312. What is u(-4)?
-780
Let a(j) = 449*j**2 - 15588*j + 2. Calculate a(35).
4447
Let s(y) = -3620*y - 5798. Determine s(-1).
-2178
Let p(d) = -27*d**2 + 8553*d + 2016. What is p(317)?
114
Let z(u) = -4*u**2 - 2*u + 57. Give z(-10).
-323
Let k(g) = -g**3 - 5*g**2 + 51*g - 5. Give k(-12).
391
Let o(c) = 5*c**3 + 6*c**2 - 154*c - 71. Give o(-6).
-11
Let z(a) = a**3 - 545*a**2 - 1314*a + 419318. Determine z(546).
-10
Let l(j) = j**3 + 64*j**2 + 3755*j + 232576. Determine l(-63).
-20
Let r(d) = 525*d + 34079. Calculate r(-65).
-46
Let i(s) = 217*s**2 - 1281*s + 2558. Give i(2).
864
Let f(d) = -d**3 + 12*d**2 + 40*d - 315. What is f(11)?
246
Let h(m) = -2*m**3 - 141*m**2 + 611*m - 4719. What is h(-75)?
81
Let d(x) = -4*x**2 + 1700*x - 39055. Determine d(401).
-559
Let n(p) = p**2 + 95*p + 1589. Calculate n(-72).
-67
Let l(t) = -645*t - 80421. Give l(-124).
-441
Let z(a) = 1938*a + 118228. Determine z(-61).
10
Let v(c) = 253257*c + 759720. Give v(-3).
-51
Let d(l) = -963*l - 4836. Give d(-5).
-21
Let k(v) = 1025*v - 46130. Calculate k(45).
-5
Let w(q) = 2*q**3 - 89*q**2 + 577*q - 5752. Give w(39).
20
Let z(i) = -442*i**2 - 23868*i - 34. Give z(-54).
-34
Let p(r) = -296*r**3 + 2*r**2 - 587*r - 589. Calculate p(-1).
296
Let g(d) = -2506*d - 27391. Give g(-11).
175
Let v(f) = 76171*f - 3123037. What is v(41)?
-26
Let m(p) = -16*p**3 + 151*p**2 - 27*p - 369. Give m(9).
-45
Let g(c) = 8897*c + 960882. What is g(-108)?
6
Let x(b) = -216*b**2 - 5721*b - 2741. Give x(-26).
-11
Let p(y) = 4*y**2 + 820*y + 13649. Determine p(-16).
1553
Let q(p) = -p**2 - 65*p - 465. Give q(-19).
409
Let a(j) = 4*j**3 + 83*j**2 - 1570*j - 26. Calculate a(12).
-2
Let y(w) = -w**3 - 36*w**2 - 128*w - 677. Determine y(-32).
-677
Let d(t) = 216*t - 12816. What is d(62)?
576
Let n(h) = -4*h**2 - 209*h - 2716. What is n(-25)?
9
Let i(y) = 5*y**2 - 1904*y + 17112. Determine i(9).
381
Let l(k) = -32408*k - 356480. Give l(-11).
8
Let l(x) = -120*x**2 - 762*x - 64. Give l(-6).
188
Let a(v) = 7081*v - 105068. What is a(15)?
1147
Let n(p) = -3*p**3 - 25*p**2 - 19*p - 98. What is n(-9)?
235
Let m(k) = -k**3 + 329*k**2 + 3755*k - 5637. What is m(340)?
-537
Let q(w) = 2475*w + 39760. Calculate q(-16).
160
Let j(o) = -6485*o + 1238800. Determine j(191).
165
Let x(i) = i**3 + 208*i**2 - 1367*i + 538. Determine x(6).
40
Let k(u) = -u**3 + 20*u**2 + 25054*u + 25035. Calculate k(-1).
2
Let a(x) = 70378*x + 196. Calculate a(0).
196
Let q(n) = -259*n - 11141. Give q(-46).
773
Let d(n) = 6344*n + 157. Give d(1).
6501
Let n(u) = u**2 + 781*u + 37184. What is n(-52)?
-724
Let b(j) = j**3 - 56*j**2 + 7*j - 1969. Determine b(57).
1679
Let o(z) = -27*z**2 + 255*z + 1510. Determine o(-6).
-992
Let p(t) = -3*t**3 + 80*t**2 + 35266*t - 984312. Calculate p(28).
0
Let r(i) = -54*i**2 - 3877*i + 54289. What is r(12)?
-11
Let w(f) = 19*f**2 - 872*f + 8121. Calculate w(13).
-4
Let p(t) = -t**3 + 15*t**2 + 91*t + 24. What is p(19)?
309
Let u(z) = 189678*z - 2465812. Calculate u(13).
2
Let r(g) = 7*g**2 - 595*g + 362. Calculate r(85).
362
Let j(b) = 92*b**2 - 11512*b + 24111. Determine j(123).
3
Let n(u) = -4172*u**3 + 6*u**2 - 25*u - 28. Determine n(-1).
4175
Let k(q) = -47527*q + 475266. Calculate k(10).
-4
Let f(s) = -316*s + 3772. Give f(12).
-20
Let j(t) = 14*t**2 - 4774*t + 41830. What is j(9)?
-2
Let o(c) = c**3 - 5*c**2 - 47*c - 47. Calculate o(-1).
-6
Let g(m) = 3*m**2 - 2064*m - 1085747. What is g(-349)?
-8
Let w(x) = -32*x**2 - 608*x + 1844. Calculate w(3).
-268
Let y(p) = p**2 + 53562*p - 321359. Calculate y(6).
49
Let y(g) = -11454*g - 34422. Calculate y(-3).
-60
Let i(q) = -456*q**2 + 5462*q + 122. Determine i(12).
2
Let s(j) = 6*j**2 + 704*j + 10374. Calculate s(-18).
-354
Let t(i) = 490*i + 137292. Determine t(-280).
92
Let o(y) = -y**2 + 328*y - 4633. What is o(15)?
62
Let t(a) = -4*a**2 - 104*a + 523. Give t(6).
-245
Let q(g) = g**3 - 154*g**2 + 1711*g - 39025. Give q(144).
-1
Let v(u) = u**3 - 100*u**2 + 246*u - 45915. Calculate v(102).
-15
Let t(c) = 2*c**2 + 16348*c + 49023. Determine t(-3).
-3
Let t(a) = -19815*a - 99056. What is t(-5)?
19
Let c(w) = -302*w + 5540. Determine c(19).
-198
Let c(p) = -783*p - 8404. What is c(-15)?
3341
Let m(n) = -305*n**2 + 5114*n + 15350. What is m(-3)?
-2737
Let i(t) = -20*t**2 - 960*t + 363. Calculate i(-47).
1303
Let f(q) = -482*q - 38515. Calculate f(-80).
45
Let s(o) = 2*o**3 + 765*o**2 - 418*o - 13385. Calculate s(-383).
20
Let b(w) = 2*w**3 + 90*w**2 - 162*w - 2341. Determine b(-46).
879
Let d(j) = -1155*j - 121278. What is d(-105)?
-3
Let y(a) = a**2 + 98*a + 1872. Give y(-31).
-205
Let d(z) = -2283*z + 2419. Give d(0).
2419
Let x(k) = -985*k + 431425. Give x(438).
-5
Let z(u) = 2*u**3 - 7*u**2 - 308*u + 1283. Give z(7).
-530
Let s(i) = 2*i**3 + 210*i**2 + 3386*i - 1190. What is s(-85)?
0
Let n(p) = 7*p**2 + 1302*p + 4238. Give n(-183).
395
Let s(p) = -p**2 + 21305*p - 4576091. What is s(217)?
5
Let j(i) = -3281*i + 672581. Give j(205).
-24
Let m(w) = -w**3 + 362*w**2 - 5630*w + 32522. Give m(346).
-2
Let a(i) = -666*i**2 - 107888*i + 6